41221 prime?
True
Is 66193591 a prime number?
False
Is 74105359 a prime number?
True
Is 54776581 a composite number?
True
Is 9465289 a prime number?
False
Is 7729091 a prime number?
True
Is 640103 prime?
False
Is 12223817 a prime number?
True
Is 41744215 a composite number?
True
Is 48529301 a composite number?
False
Is 4219 prime?
True
Is 1487179 composite?
False
Is 2370853 prime?
False
Is 185862374 prime?
False
Is 46296541 a composite number?
False
Is 9803 a composite number?
False
Is 3179599 a composite number?
True
Is 48804421 a prime number?
False
Is 99448009 composite?
True
Is 37882645 composite?
True
Is 192031909 composite?
True
Is 8411911 composite?
False
Is 19762511 composite?
True
Is 22954237 prime?
True
Is 2759101 a prime number?
False
Is 13810031 prime?
True
Is 15026969 composite?
False
Is 1194339 composite?
True
Is 203329007 prime?
False
Is 54437521 prime?
False
Is 324680413 composite?
True
Is 500009 composite?
False
Is 8484563 a composite number?
False
Is 102456749 prime?
True
Is 44736063 a prime number?
False
Is 2596693 composite?
True
Is 6217259 composite?
False
Is 10838081 a prime number?
True
Is 34463789 a prime number?
True
Is 6504677 prime?
True
Is 138125567 a prime number?
True
Is 9423961 composite?
False
Is 26627317 a prime number?
False
Is 6798089 a prime number?
True
Is 242515543 composite?
True
Is 48045423 composite?
True
Is 8097083 prime?
False
Is 119999 a composite number?
True
Is 4335383 a prime number?
False
Is 1772677 a prime number?
True
Is 2516755 composite?
True
Is 265657993 prime?
True
Is 12951751 a prime number?
True
Is 35260991 composite?
False
Is 275926681 composite?
True
Is 14027437 prime?
True
Is 3352253 a composite number?
True
Is 94421 a composite number?
False
Is 146551991 prime?
True
Is 24036133 a composite number?
True
Is 16285307 composite?
False
Is 294527 a composite number?
True
Is 2926031 composite?
False
Is 1385269 a prime number?
False
Is 1831337 prime?
False
Is 3191803 prime?
True
Is 3625421 composite?
True
Is 224543999 prime?
True
Is 382098155 prime?
False
Is 7029173 a composite number?
False
Is 1881851 prime?
True
Is 4468213 composite?
True
Is 13742453 prime?
False
Is 804281 prime?
True
Is 85196417 prime?
True
Is 406481 prime?
True
Is 1141631 composite?
False
Is 2043989 a prime number?
True
Is 147735311 prime?
True
Is 57899 a composite number?
False
Is 16959359 composite?
False
Is 1493563 a prime number?
True
Is 969793285 a prime number?
False
Is 3023261 a prime number?
False
Is 757457 composite?
False
Is 97511 prime?
True
Is 839771 prime?
True
Is 104520113 composite?
False
Is 5131481 prime?
True
Is 6957463 a prime number?
True
Is 18085019 a composite number?
False
Is 768171 composite?
True
Is 38432945 a composite number?
True
Is 168531145 a composite number?
True
Is 5770126 a composite number?
True
Is 662309 prime?
True
Is 3719087 prime?
True
Is 162135643 a prime number?
False
Is 1010129 prime?
True
Is 268861 a composite number?
False
Is 3985853 prime?
True
Is 664117786 prime?
False
Is 60329827 a prime number?
False
Is 27175013 a composite number?
True
Is 74321591 a prime number?
False
Is 23028223 composite?
False
Is 3156511 prime?
True
Is 6441377 composite?
False
Is 2269763 a composite number?
False
Is 44969189 a prime number?
False
Is 107293297 prime?
False
Is 19156453 a composite number?
False
Is 9387877 prime?
True
Is 64145489 composite?
False
Is 7611959 a composite number?
True
Is 709379 composite?
True
Is 174379522 composite?
True
Is 41662919 prime?
True
Is 284509003 prime?
True
Is 288037421 a prime number?
False
Is 1462519 prime?
True
Is 1630141 prime?
True
Is 1156709 a composite number?
False
Is 180850597 a composite number?
False
Is 2447427 a prime number?
False
Is 47351141 a prime number?
False
Is 239533157 prime?
True
Is 3448181 a composite number?
True
Is 4641319 a composite number?
True
Is 12311771 composite?
False
Is 9471611 a composite number?
False
Is 1356857 prime?
True
Is 12986233 composite?
True
Is 974033 a prime number?
True
Is 133057273 prime?
True
Is 771437371 composite?
True
Is 50457971 a prime number?
False
Is 63160133 prime?
True
Is 5201717 a prime number?
True
Is 8519561 a prime number?
False
Is 41567831 prime?
False
Is 5475329 a composite number?
False
Is 10525913 composite?
False
Is 11279953 composite?
True
Is 10897613 a prime number?
True
Is 3560819 a composite number?
False
Is 2392931 a composite number?
True
Is 33119077 a prime number?
False
Is 359129 a prime number?
True
Is 9831013 a prime number?
True
Is 159043 a composite number?
True
Is 280079 a composite number?
True
Is 2427577 composite?
True
Is 134383255 prime?
False
Is 9627353 a composite number?
False
Is 102839219 a prime number?
False
Is 11690639 a composite number?
True
Is 8585227 a prime number?
False
Is 5940727 a prime number?
False
Is 157035251 a composite number?
False
Is 76647119 a prime number?
True
Is 26473787 prime?
True
Is 981661 prime?
False
Is 1623541 prime?
False
Is 4655429 composite?
True
Is 1652653 prime?
False
Is 78684671 a composite number?
True
Is 101027 prime?
True
Is 331323 a composite number?
True
Is 606197 a prime number?
False
Is 118314751 prime?
False
Is 2047237 a composite number?
False
Is 1941263 a composite number?
False
Is 106097417 composite?
True
Is 3146941 composite?
True
Is 274033 a composite number?
False
Is 765295 prime?
False
Is 7591361 composite?
False
Is 2130377 a prime number?
False
Is 6930023 prime?
True
Is 2905671 composite?
True
Is 262093919 prime?
True
Is 136103 prime?
False
Is 26422831 a prime number?
False
Is 241911361 composite?
False
Is 2585567 a composite number?
True
Is 552283 composite?
False
Is 796555 prime?
False
Is 67074901 a prime number?
True
Is 24738269 prime?
True
Is 229672577 a composite number?
True
Is 2781929 a composite number?
False
Is 748211 a prime number?
True
Is 18750943 composite?
True
Is 1797443 a prime number?
False
Is 15134383 a composite number?
True
Is 9672695 a composite number?
True
Is 6536723 a prime number?
True
Is 5209613 a composite number?
True
Is 21710041 prime?
False
Is 574829 prime?
False
Is 2411833 a composite number?
False
Is 47362319 a composite number?
False
Is 33946831 prime?
False
Is 51067537 a composite number?
False
Is 38530087 a prime number?
True
Is 133123967 a prime number?
False
Is 65938601 composite?
False
Is 35344383 composite?
True
Is 319547 composite?
False
Is 230007907 a prime number?
True
Is 127460083 composite?
True
Is 85167749 a composite number?
True
Is 4638721 prime?
True
Is 143416291 a composite number?
True
Is 4857851 a composite number?
True
Is 208541 prime?
False
Is 2562641 a composite number?
False
Is 96299551 a composite number?
True
Is 1810582 a composite number?
True
Is 3060061 a composite number?
True
Is 44253646 prime?
False
Is 1667473 a composite number?
False
Is 110282993 composite?
False
Is 2469121 prime?
False
Is 735216127 a prime number?
False
Is 13564151 prime?
False
Is 37591069 prime?
True
Is 5295469 a composite number?
False
Is 55029851 prime?
False
Is 14613479 a composite number?
True
Is 910889 a prime number?
False
Is 235033 a composite number?
True
Is 1408967 composite?
True
Is 102305719 a prime number?
False
Is 3031381 composite?
False
Is 2537321 composite?
True
Is 260028427 a prime number?
True
Is 164017 prime?
False
Is 26387 composite?
False
Is 43079363 a composite number?
True
Is 153002207 composite?
True
Is 35149577 a composite number?
False
Is 741913 composite?
False
Is 447451363 prime?
True
Is 574932679 prime?
False
Is 46953353 a prime number?
True
Is 4091683 composite?
True
Is 4940341 prime?
False
Is 2234363 prime?
False
Is 5912353 prime?
True
Is 4637189 a composite number?
False
Is 11914377 a prime number?
False
Is 2915831 a composite number?
False
Is 893837 prime?
False
Is 5271977 composite?
False
Is 469907071 a prime number?
False
Is 4926539 a composite number?
False
Is 101679761 a composite number?
False
Is 1649213 prime?
True
Is 2467789 a prime number?
False
Is 198460627 composite?
True
Is 608663659 a composite number?
True
Is 1758893 a composite number?
False
Is 730658605 composite?
True
Is 61798481 composite?
False
Is 146990713 prime?
True
Is 2346611 a composite number?
False
Is 3498199 prime?
False
Is 157456987 a composite number?
False
Is 1019297 prime?
True